1123033
In base 10, what is 693 - -3829?
4522
In base 14, what is -240d3 + 1dc?
-23cd5
In base 7, what is -42 - 136663554?
-136663626
In base 10, what is 264 - -57500?
57764
In base 2, what is 100 + 10000000001010011001010?
10000000001010011001110
In base 12, what is 85595 - 118?
85479
In base 12, what is 213794 + -237?
213559
In base 12, what is -34 - 4b3224?
-4b3258
In base 4, what is -2012 + 123330321?
123322303
In base 8, what is -112 + -2232?
-2344
In base 3, what is -20211 + -22011211222?
-22012002210
In base 6, what is -22310 + 3520?
-14350
In base 3, what is -12001011002 - 21?
-12001011100
In base 5, what is 1442144 - 14110?
1423034
In base 8, what is -163 - -611477?
611314
In base 11, what is 44 + a98302?
a98346
In base 2, what is 10001011001011011011 + 1010000?
10001011001100101011
In base 11, what is 47a3126 + -5?
47a3121
In base 16, what is 6fb - 2126f?
-20b74
In base 6, what is -211 - 25232443?
-25233054
In base 11, what is -73194 + 111?
-73083
In base 8, what is -17652 + 44153?
24301
In base 5, what is 42123440 + -3334?
42120101
In base 5, what is -414243210 + -2?
-414243212
In base 14, what is -31a920a + -5?
-31a9211
In base 16, what is -1a39 - 516?
-1f4f
In base 11, what is -a84 - 2577?
-3550
In base 15, what is 19e2 + -5d67?
-4375
In base 7, what is -146 - 211260?
-211436
In base 6, what is -42 - -421123?
421041
In base 2, what is -10101001010000011001 - 1001?
-10101001010000100010
In base 13, what is 428c + 29a?
4559
In base 13, what is 6b + 2756?
27c4
In base 15, what is 14160 - -3ec?
1455c
In base 4, what is 0 + 12312030121122?
12312030121122
In base 9, what is -1066314401 - 5?
-1066314406
In base 7, what is 1020563 - -14?
1020610
In base 5, what is 32002 - 103311243?
-103224241
In base 9, what is 1132606872 + -3?
1132606868
In base 8, what is 0 + 4417013?
4417013
In base 9, what is -447436 + 180?
-447246
In base 3, what is -2121111112100020 + 2?
-2121111112100011
In base 14, what is 0 + -d03361?
-d03361
In base 10, what is 375669 - -161?
375830
In base 2, what is -101101111 + -10100000111111?
-10100110101110
In base 4, what is -20311122 + 23120?
-20222002
In base 9, what is -406 + -144461?
-144867
In base 12, what is 2854065 - 0?
2854065
In base 10, what is -54106 - -11?
-54095
In base 16, what is 15 - e01a8?
-e0193
In base 14, what is -3 - a8702a?
-a8702d
In base 5, what is -24423224323 - 11?
-24423224334
In base 4, what is -1332131 + 121130?
-1211001
In base 2, what is 101000001 - -100010101111?
100111110000
In base 5, what is -132 - -2031122?
2030440
In base 9, what is 7375714 - 4?
7375710
In base 7, what is -220316 + -10?
-220326
In base 16, what is -47 - 59928?
-5996f
In base 4, what is 2031232 - 2103120?
-11222
In base 9, what is -16 + 41766441?
41766424
In base 6, what is -50055 + 1004520?
514421
In base 3, what is -12221112222122 - 11?
-12221112222210
In base 10, what is -12579967 - -19?
-12579948
In base 5, what is -10 + -320442122101?
-320442122111
In base 13, what is -1ab64 - 14bb?
-1c352
In base 13, what is a03860 - 0?
a03860
In base 13, what is -14799b - 2b?
-1479c9
In base 14, what is -10811b87 + -4?
-10811b8b
In base 15, what is -865b + -8125?
-11781
In base 3, what is -1 + -1121221110210?
-1121221110211
In base 10, what is -803182 + -1?
-803183
In base 11, what is 13546 + -277?
1327a
In base 7, what is 31552 + -211635?
-150053
In base 5, what is -132 - 10111102?
-10111234
In base 13, what is -4b8 + -3362?
-384a
In base 5, what is -140044 + -202214?
-342313
In base 15, what is 82d60 + 120?
82e80
In base 6, what is 1 + -401350011?
-401350010
In base 12, what is 2b788529 - 5?
2b788524
In base 14, what is 5 - 1975a46a?
-1975a465
In base 16, what is -43acbe + 5?
-43acb9
In base 13, what is 95c8b + 141c?
973aa
In base 3, what is 2020022122002 + -122?
2020022121110
In base 10, what is -4 + 1304448?
1304444
In base 8, what is -1207 + 621534?
620325
In base 14, what is 315a - -34c?
34a8
In base 3, what is -2121100110 + -2?
-2121100112
In base 2, what is -111100010 + 110011111101010001101?
110011111100010101011
In base 6, what is -3 - -31523031?
31523024
In base 3, what is -201102012112112 + -12?
-201102012112201
In base 5, what is -442444 - -10413340?
4420341
In base 10, what is -393 - 18547?
-18940
In base 15, what is -4 + -41b196?
-41b19a
In base 7, what is -3 - 304044?
-304050
In base 7, what is 3 - 212666301?
-212666265
In base 12, what is -6500 - -a72?
-564a
In base 6, what is -33420050 - 4?
-33420054
In base 8, what is 22062 + -114700?
-72616
In base 4, what is -21310033 + 13220210?
-2023223
In base 13, what is -2684 - -269?
-2418
In base 15, what is 3 - -361010?
361013
In base 9, what is -541140 - 3?
-541143
In base 14, what is -4d8a38 + -7?
-4d8a41
In base 3, what is -1 - 120212021101000102?
-120212021101000110
In base 13, what is -1 - -a0b087?
a0b086
In base 10, what is -48852 - -555?
-48297
In base 6, what is -10041441 + -403?
-10042244
In base 14, what is -2797a - 240?
-27bba
In base 14, what is 24663 - -a?
2466d
In base 4, what is -111311232222 - 20?
-111311232302
In base 2, what is -110001001111 + -111011111011101?
-1000010000101100
In base 9, what is -1655 - -153344?
151578
In base 12, what is 90b746ba + -3?
90b746b7
In base 14, what is -4 - 14799dc3?
-14799dc7
In base 14, what is 1 - c9b92?
-c9b91
In base 10, what is -11480501 - 34?
-11480535
In base 2, what is -110 + 100101000010101000001?
100101000010100111011
In base 5, what is 11 + -123212200?
-123212134
In base 11, what is -759 - -a259?
9600
In base 16, what is -5 + -85e17?
-85e1c
In base 4, what is -12223230101 - -13?
-12223230022
In base 11, what is 36a - -7a58?
8317
In base 11, what is 5 + -1190860?
-1190856
In base 8, what is 426642712 - 1?
426642711
In base 10, what is 5128683 + -4?
5128679
In base 15, what is -45aeaa9 + -5?
-45aeaae
In base 2, what is -100 - 10000110010100111000001100111?
-10000110010100111000001101011
In base 12, what is a7b843 + -4?
a7b83b
In base 5, what is -1010234402 + 130?
-1010234222
In base 15, what is -13970 - a3?
-13a23
In base 10, what is 93 + -3812433?
-3812340
In base 4, what is -3131021203 - -21?
-3131021122
In base 4, what is -1 + 3112000221?
3112000220
In base 6, what is -11454 - 412354?
-424252
In base 9, what is -337525 - -1601?
-335824
In base 2, what is 111101101101110 + 101111?
111101110011101
In base 15, what is -2 - 81e9185?
-81e9187
In base 14, what is -14b7a9 + 0?
-14b7a9
In base 9, what is 8070154 - 1?
8070153
In base 7, what is 1166 + -140310?
-136111
In base 5, what is 133 - 34313?
-34130
In base 7, what is -5106555 + 651?
-5105604
In base 3, what is 11002101 - 112010?
10120021
In base 15, what is 516a + 1857?
69c2
In base 14, what is -132 + 253614?
2534c2
In base 3, what is 20 - -22000212121011?
22000212121101
In base 5, what is 123020420041 - 1?
123020420040
In base 15, what is -ce87e6 + -12?
-ce8808
In base 4, what is -2133132032023 - 2?
-2133132032031
In base 15, what is 24ba - -24de?
49a9
In base 15, what is 8e3 + -4c73?
-4380
In base 9, what is -46268 + 18324?
-26844
In base 4, what is 22123332112 - 1212?
22123330300
In base 8, what is 57744 + -25220?
32524
In base 16, what is -20b5a0 + 9?
-20b597
In base 8, what is 132665 - 155?
132510
In base 7, what is -243442 + 606?
-242533
In base 11, what is 1781564 - 12?
1781552
In base 8, what is -255333 - -3443?
-251670
In base 6, what is -14005455 + -11?
-14005510
In base 16, what is -4 + 352f61c?
352f618
In base 11, what is -6247a5 + 11?
-624794
In base 5, what is -1001411100 - -20?
-1001411030
In base 4, what is 10021302 + 10230?
10032132
In base 13, what is -5 + 1bcc2006?
1bcc2001
In base 2, what is 10100100011100011001 + 1110?
10100100011100100111
In base 12, what is -35 - 219870?
-2198a5
In base 7, what is -3 + 15411630?
15411624
In base 14, what is -5 + -d973b0?
-d973b5
In base 15, what is 283 + -2409?
-2176
In base 4, what is -211213 + -12001211?
-12213030
In base 16, what is 104 - -1bbe4b?
1bbf4f
In base 8, what is -54 - -2500060?
2500004
In base 3, what is 11001011102 - 211?
11001010121
In base 16, what is -1e46 - 7070?
-8eb6
In base 7, what is -2 + -261360362?
-261360364
In base 16, what is 2b5233 - 9?
2b522a
In base 2, what is -10000111100101 - 1111111111101011?
-10010000111010000
In base 15, what is -ec766a + b?
-ec765e
In base 16